{"id":4508,"date":"2023-09-05T20:20:46","date_gmt":"2023-09-05T20:20:46","guid":{"rendered":"https:\/\/dini-physio.ch\/?page_id=4508"},"modified":"2026-03-04T15:04:53","modified_gmt":"2026-03-04T15:04:53","slug":"unser-team","status":"publish","type":"page","link":"https:\/\/dini-physio.ch\/?page_id=4508","title":{"rendered":"Unser Team"},"content":{"rendered":"<p>[et_pb_section fb_built=&#8220;1&#8243; custom_padding_last_edited=&#8220;on|phone&#8220; admin_label=&#8220;Header&#8220; _builder_version=&#8220;4.16&#8243; _module_preset=&#8220;default&#8220; background_color=&#8220;#f9f6f5&#8243; use_background_color_gradient=&#8220;on&#8220; background_color_gradient_direction=&#8220;90deg&#8220; background_color_gradient_stops=&#8220;#ffffff 0%|rgba(255,255,255,0) 48%&#8220; background_color_gradient_overlays_image=&#8220;on&#8220; background_color_gradient_start=&#8220;#ffffff&#8220; background_color_gradient_end=&#8220;rgba(255,255,255,0)&#8220; background_color_gradient_end_position=&#8220;48%&#8220; background_enable_image=&#8220;off&#8220; custom_padding=&#8220;100px||||false|false&#8220; custom_padding_tablet=&#8220;60px||60px||true|false&#8220; custom_padding_phone=&#8220;30px||30px||true|false&#8220; background_last_edited=&#8220;on|tablet&#8220; use_background_color_gradient_tablet=&#8220;off&#8220; background_color_gradient_stops_tablet=&#8220;rgba(255,255,255,0.8) 0%|rgba(255,255,255,0.4) 100%&#8220; background_color_gradient_stops_phone=&#8220;rgba(255,255,255,0.8) 0%|rgba(255,255,255,0.9) 100%&#8220; background_color_gradient_overlays_image_tablet=&#8220;on&#8220; background_color_gradient_start_tablet=&#8220;rgba(255,255,255,0.8)&#8220; background_color_gradient_start_position_tablet=&#8220;0%&#8220; background_color_gradient_end_tablet=&#8220;rgba(255,255,255,0.4)&#8220; background_color_gradient_end_phone=&#8220;rgba(255,255,255,0.9)&#8220; background_color_gradient_end_position_tablet=&#8220;100%&#8220; locked=&#8220;off&#8220; global_colors_info=&#8220;{}&#8220;][et_pb_row column_structure=&#8220;3_5,2_5&#8243; _builder_version=&#8220;4.16&#8243; _module_preset=&#8220;default&#8220; global_colors_info=&#8220;{}&#8220;][et_pb_column type=&#8220;3_5&#8243; _builder_version=&#8220;4.16&#8243; _module_preset=&#8220;default&#8220; z_index=&#8220;20&#8243; custom_padding=&#8220;||60px||false|false&#8220; global_colors_info=&#8220;{}&#8220;][et_pb_text _builder_version=&#8220;4.22.1&#8243; _module_preset=&#8220;default&#8220; header_font=&#8220;Nunito Sans|600|||||||&#8220; header_text_color=&#8220;#41A3A2&#8243; header_font_size=&#8220;45px&#8220; header_line_height=&#8220;1.2em&#8220; custom_margin=&#8220;||18px|||&#8220; header_font_size_tablet=&#8220;40px&#8220; header_font_size_phone=&#8220;24px&#8220; header_font_size_last_edited=&#8220;on|phone&#8220; locked=&#8220;off&#8220; global_colors_info=&#8220;{}&#8220;]<\/p>\n<h1>Dini Pyhsio Team<\/h1>\n<p>[\/et_pb_text][et_pb_text _builder_version=&#8220;4.22.1&#8243; _module_preset=&#8220;default&#8220; text_text_color=&#8220;#000000&#8243; custom_margin=&#8220;|-40px||||&#8220; global_colors_info=&#8220;{}&#8220;]<\/p>\n<p>Unser Ziel ist es Ihnen eine ganzheitliche und ursachenorierntierte Therapie anzubieten. In der Therapie ist uns eine empahtische und vertrauensvolle Beziehung zu unseren Patienten wichtig.<\/p>\n<p>Die Therapie orientiert sich einerseits nach Ihren W\u00fcschen und Zielen. Andererseits nach dem gemeinsamen Befund f\u00fcr welchen beim Ersttermin ausreichend Zeit zur Verf\u00fcgung steht.<\/p>\n<p>Sowohl passive (von uns ausgef\u00fchrte Massnahmen), als auch die aktive Therapie bilden die Basis f\u00fcr die Reduktion\/Genesung Ihrer Beschwerden.<\/p>\n<p>Durch unsere anhaltende Leidenschaft, Neugierde und Freude an unserem Beruf probiere wir stets neue Therapieans\u00e4tze aus und versuchen so unser Wissenshorizont stetig zu erweitern. Zudem besuchen wir regelm\u00e4ssig Fortbildungen, sodass wir neben dem Bewegungsapparat auch die inneren Organe erfolgreich behandeln k\u00f6nnen.<\/p>\n<p>Neben unserem physiotherapeutischen Wissen ist es uns ein Anliegen Ihnen zu helfen sich selbst zu helfen nach dem Motto &#8222;Mut zur Selbsthilfe&#8220; oder &#8222;Hilfe zur Selbsthilfe&#8220;.<\/p>\n<p>Wir freuen uns auf Sie.<\/p>\n<p>[\/et_pb_text][\/et_pb_column][et_pb_column type=&#8220;2_5&#8243; _builder_version=&#8220;4.16&#8243; _module_preset=&#8220;default&#8220; z_index=&#8220;20&#8243; custom_padding=&#8220;||60px||false|false&#8220; global_colors_info=&#8220;{}&#8220;][et_pb_divider show_divider=&#8220;off&#8220; _builder_version=&#8220;4.22.1&#8243; _module_preset=&#8220;default&#8220; custom_padding=&#8220;39px||5px|||&#8220; global_colors_info=&#8220;{}&#8220;][\/et_pb_divider][et_pb_image src=&#8220;https:\/\/dini-physio.ch\/wp-content\/uploads\/2023\/09\/jasmintobiasPS-e1694115641824.png&#8220; alt=&#8220;Dini Physio Team&#8220; title_text=&#8220;jasmintobiasPS&#8220; show_bottom_space=&#8220;off&#8220; align=&#8220;center&#8220; _builder_version=&#8220;4.22.1&#8243; _module_preset=&#8220;default&#8220; width=&#8220;120%&#8220; module_alignment=&#8220;center&#8220; custom_margin=&#8220;|-5vw||-5vw|false|true&#8220; custom_padding=&#8220;|66px||||&#8220; global_colors_info=&#8220;{}&#8220;][\/et_pb_image][\/et_pb_column][\/et_pb_row][\/et_pb_section][et_pb_section fb_built=&#8220;1&#8243; _builder_version=&#8220;4.22.1&#8243; _module_preset=&#8220;default&#8220; background_color=&#8220;#FFFFFF&#8220; global_colors_info=&#8220;{}&#8220;][et_pb_row _builder_version=&#8220;4.22.1&#8243; _module_preset=&#8220;default&#8220; global_colors_info=&#8220;{}&#8220;][et_pb_column type=&#8220;4_4&#8243; _builder_version=&#8220;4.22.1&#8243; _module_preset=&#8220;default&#8220; global_colors_info=&#8220;{}&#8220;][dsm_content_timeline dsm_card_arrow=&#8220;on&#8220; dsm_tree_animation=&#8220;on&#8220; dsm_fill_animation_speed=&#8220;600&#8243; dsm_pointer_bg_color=&#8220;#41A3A2&#8243; dsm_pointer_active_bg_color=&#8220;#41A3A2&#8243; dsm_tree_bg_color=&#8220;#FFFFFF&#8220; dsm_tree_active_bg_color=&#8220;#41A3A2&#8243; _builder_version=&#8220;4.27.6&#8243; _module_preset=&#8220;default&#8220; header_text_color=&#8220;#41A3A2&#8243; content_text_color=&#8220;#000000&#8243; content_font_size=&#8220;14px&#8220; hover_enabled=&#8220;0&#8243; border_radii_card_border=&#8220;on|20px|20px|20px|20px&#8220; border_width_all_card_border=&#8220;1px&#8220; border_color_all_card_border=&#8220;#41A3A2&#8243; global_colors_info=&#8220;{}&#8220; sticky_enabled=&#8220;0&#8243;][dsm_content_timeline_child dsm_image=&#8220;https:\/\/dini-physio.ch\/wp-content\/uploads\/2023\/09\/diniphysioLogo.png&#8220; title_text=&#8220;diniphysioLogo&#8220; dsm_title=&#8220;Gr\u00fcndung&#8220; dsm_content=&#8220;<\/p>\n<p>Dini Physio GmbH wurde 2023 gegr\u00fcndet.<\/p>\n<p>&#8220; _builder_version=&#8220;4.22.1&#8243; _module_preset=&#8220;default&#8220; global_colors_info=&#8220;{}&#8220; parent_header_level=&#8220;h4&#8243;][\/dsm_content_timeline_child][dsm_content_timeline_child dsm_image=&#8220;https:\/\/dini-physio.ch\/wp-content\/uploads\/2023\/09\/jasmin.png&#8220; title_text=&#8220;jasmin&#8220; dsm_title=&#8220;Jasmin Eimannsberger&#8220; dsm_content=&#8220;<\/p>\n<p>Inhaberin<\/p>\n<p>dipl. Physiotherapeutin (Bachelor of Science) &#8211; DHBW-L\u00f6rrach<br \/>Sprache: Deutsch, Englisch<\/p>\n<p>&#8220; dsm_image_icon_width=&#8220;80%&#8220; dsm_icon_image_align=&#8220;center&#8220; _builder_version=&#8220;4.22.1&#8243; _module_preset=&#8220;default&#8220; global_colors_info=&#8220;{}&#8220; parent_header_level=&#8220;h4&#8243;][\/dsm_content_timeline_child][dsm_content_timeline_child dsm_image=&#8220;https:\/\/dini-physio.ch\/wp-content\/uploads\/2023\/09\/tobias.png&#8220; title_text=&#8220;tobias&#8220; dsm_title=&#8220;Tobias Kaeser &#8220; dsm_content=&#8220;<\/p>\n<p>Inhaber<\/p>\n<p>dipl. Physiotherapeut (Bachelor of Science) &#8211; DHBW-L\u00f6rrach<br \/>Sprache: Deutsch, Franz\u00f6sisch, Englisch<\/p>\n<p>&#8220; dsm_image_icon_width=&#8220;80%&#8220; dsm_icon_image_align=&#8220;center&#8220; _builder_version=&#8220;4.22.1&#8243; _module_preset=&#8220;default&#8220; global_colors_info=&#8220;{}&#8220; parent_header_level=&#8220;h4&#8243;][\/dsm_content_timeline_child][dsm_content_timeline_child dsm_image=&#8220;https:\/\/dini-physio.ch\/wp-content\/uploads\/2024\/04\/Mitarbeiterdiniphysio-e1712574498975.png&#8220; title_text=&#8220;Mitarbeiterdiniphysio&#8220; dsm_title=&#8220;Benjamin Ostermayer&#8220; dsm_content=&#8220;<\/p>\n<p>Mitarbeiter<\/p>\n<p>Bachelor of Science in Physiotherapie Basel<br \/>Sprache: Deutsch, Englisch<\/p>\n<p>&#8220; dsm_image_icon_width=&#8220;80%&#8220; dsm_icon_image_align=&#8220;center&#8220; _builder_version=&#8220;4.22.1&#8243; _module_preset=&#8220;default&#8220; global_colors_info=&#8220;{}&#8220; parent_header_level=&#8220;h4&#8243;][\/dsm_content_timeline_child][\/dsm_content_timeline][\/et_pb_column][\/et_pb_row][\/et_pb_section]<\/p>\n","protected":false},"excerpt":{"rendered":"<p>Dini Pyhsio TeamUnser Ziel ist es Ihnen eine ganzheitliche und ursachenorierntierte Therapie anzubieten. In der Therapie ist uns eine empahtische und vertrauensvolle Beziehung zu unseren Patienten wichtig. Die Therapie orientiert sich einerseits nach Ihren W\u00fcschen und Zielen. Andererseits nach dem gemeinsamen Befund f\u00fcr welchen beim Ersttermin ausreichend Zeit zur Verf\u00fcgung steht. Sowohl passive (von uns ausgef\u00fchrte Massnahmen), als auch die aktive Therapie bilden die Basis f\u00fcr die Reduktion\/Genesung Ihrer Beschwerden. Durch unsere anhaltende Leidenschaft, Neugierde und Freude an unserem Beruf probiere wir stets neue Therapieans\u00e4tze aus und versuchen so unser Wissenshorizont stetig zu erweitern. Zudem besuchen wir regelm\u00e4ssig Fortbildungen, sodass wir neben dem Bewegungsapparat auch die inneren Organe erfolgreich behandeln k\u00f6nnen. Neben unserem physiotherapeutischen Wissen ist es uns ein Anliegen Ihnen zu helfen sich selbst zu helfen nach dem Motto &#8222;Mut zur Selbsthilfe&#8220; oder &#8222;Hilfe zur Selbsthilfe&#8220;. Wir freuen uns auf Sie.<div class=\"et_pb_with_border et_pb_module dsm_content_timeline dsm_content_timeline_0\">\n\t\t\t\t\n\t\t\t\t\n\t\t\t\t\n\t\t\t\t\n\t\t\t\t\n\t\t\t\t\n\t\t\t\t<div class=\"et_pb_module_inner\">\n\t\t\t\t\t<div class=\"dsm-content-timeline-items-wrapper dsm-center\" data-tree-animation=\"on\" data-tree-animation-tablet=\"\" data-tree-animation-phone=\"\" data-image_lightbox=\"off\">\n\t\t\t<div class=\"dsm-content-timeline-tree\">\n\t\t\t\t<div class=\"dsm-content-timeline-tree-progress\"><\/div>\n\t\t\t<\/div>\n\t\t   \n\t\t<\/div>\n\t\t\n\t\t\t\t<\/div>\n\t\t\t<\/div><div class=\"dsm-content-timeline-item-wrapper dsm_content_timeline_child_0\">\n\t\t\t\t\n\t\t\t\t<div class=\"dsm-content-timeline-content-wrapper dsm_wrapper_dsm_content_timeline_child_0 dsm-visibility\">   \t\t\n\t\t\t\t\t\n\t\t\t\t\t<div class=\"dsm-image-wrapper\"><div class=\"dsm-image\"><img decoding=\"async\" src=\"https:\/\/dini-physio.ch\/wp-content\/uploads\/2023\/09\/diniphysioLogo.png\" alt=\"\" title=\"diniphysioLogo\" srcset=\"https:\/\/dini-physio.ch\/wp-content\/uploads\/2023\/09\/diniphysioLogo.png 1400w, https:\/\/dini-physio.ch\/wp-content\/uploads\/2023\/09\/diniphysioLogo-1280x747.png 1280w, https:\/\/dini-physio.ch\/wp-content\/uploads\/2023\/09\/diniphysioLogo-980x572.png 980w, https:\/\/dini-physio.ch\/wp-content\/uploads\/2023\/09\/diniphysioLogo-480x280.png 480w\" sizes=\"(min-width: 0px) and (max-width: 480px) 480px, (min-width: 481px) and (max-width: 980px) 980px, (min-width: 981px) and (max-width: 1280px) 1280px, (min-width: 1281px) 1400px, 100vw\" \/><\/div><\/div>\n\t\t\t\t\t\n\t\t\t\t\t<div class=\"dsm-timeline-content\">\n\t\t\t\t\t\t<h4 class=\"dsm-title\">Gr\u00fcndung<\/h4>\n\t\t\t\t\t\t<div class=\"dsm-description\">Dini Physio GmbH wurde 2023 gegr\u00fcndet.<\/div>\n\t\t\t\t\t\t\n\t\t\t\t\t\t\n\t\t\t\t\t<\/div>\t\n\t\t\t\t<\/div>\n\t\t\t\t<div class=\"dsm-pointer-wrapper\">\n\t\t\t\t\t\n\t\t\t\t\t\n\t\t\t\t<\/div>\n\t\t\t<\/div><div class=\"dsm-content-timeline-item-wrapper dsm_content_timeline_child_1\">\n\t\t\t\t\n\t\t\t\t<div class=\"dsm-content-timeline-content-wrapper dsm_wrapper_dsm_content_timeline_child_1 dsm-visibility\">   \t\t\n\t\t\t\t\t\n\t\t\t\t\t<div class=\"dsm-image-wrapper\"><div class=\"dsm-image\"><img decoding=\"async\" src=\"https:\/\/dini-physio.ch\/wp-content\/uploads\/2023\/09\/jasmin.png\" alt=\"\" title=\"jasmin\" srcset=\"https:\/\/dini-physio.ch\/wp-content\/uploads\/2023\/09\/jasmin.png 800w, https:\/\/dini-physio.ch\/wp-content\/uploads\/2023\/09\/jasmin-480x480.png 480w\" sizes=\"(min-width: 0px) and (max-width: 480px) 480px, (min-width: 481px) 800px, 100vw\" \/><\/div><\/div>\n\t\t\t\t\t\n\t\t\t\t\t<div class=\"dsm-timeline-content\">\n\t\t\t\t\t\t<h4 class=\"dsm-title\">Jasmin Eimannsberger<\/h4>\n\t\t\t\t\t\t<div class=\"dsm-description\">Inhaberin dipl. Physiotherapeutin (Bachelor of Science) - DHBW-L\u00f6rrachSprache: Deutsch, Englisch<\/div>\n\t\t\t\t\t\t\n\t\t\t\t\t\t\n\t\t\t\t\t<\/div>\t\n\t\t\t\t<\/div>\n\t\t\t\t<div class=\"dsm-pointer-wrapper\">\n\t\t\t\t\t\n\t\t\t\t\t\n\t\t\t\t<\/div>\n\t\t\t<\/div><div class=\"dsm-content-timeline-item-wrapper dsm_content_timeline_child_2\">\n\t\t\t\t\n\t\t\t\t<div class=\"dsm-content-timeline-content-wrapper dsm_wrapper_dsm_content_timeline_child_2 dsm-visibility\">   \t\t\n\t\t\t\t\t\n\t\t\t\t\t<div class=\"dsm-image-wrapper\"><div class=\"dsm-image\"><img decoding=\"async\" src=\"\" alt=\"\" title=\"&#8220;tobias&#8220;\" class=\"et_multi_view_hidden_image\" \/><\/div><\/div>\n\t\t\t\t\t\n\t\t\t\t\t<div class=\"dsm-timeline-content\">\n\t\t\t\t\t\t<h4 class=\"dsm-title\">&#8220;Tobias<\/h4>\n\t\t\t\t\t\t<div class=\"dsm-description\">&#8220;Inhaber<\/div>\n\t\t\t\t\t\t\n\t\t\t\t\t\t\n\t\t\t\t\t<\/div>\t\n\t\t\t\t<\/div>\n\t\t\t\t<div class=\"dsm-pointer-wrapper\">\n\t\t\t\t\t\n\t\t\t\t\t\n\t\t\t\t<\/div>\n\t\t\t<\/div><\/p>\n","protected":false},"author":1,"featured_media":0,"parent":4521,"menu_order":2,"comment_status":"closed","ping_status":"closed","template":"","meta":{"_et_pb_use_builder":"on","_et_pb_old_content":"","_et_gb_content_width":"","footnotes":""},"class_list":["post-4508","page","type-page","status-publish","hentry"],"yoast_head":"<!-- This site is optimized with the Yoast SEO plugin v27.1.1 - https:\/\/yoast.com\/product\/yoast-seo-wordpress\/ -->\n<title>Unser Team - Dini Physio<\/title>\n<meta name=\"robots\" content=\"index, follow, max-snippet:-1, max-image-preview:large, max-video-preview:-1\" \/>\n<link rel=\"canonical\" href=\"https:\/\/dini-physio.ch\/?page_id=4508\" \/>\n<meta property=\"og:locale\" content=\"de_DE\" \/>\n<meta property=\"og:type\" content=\"article\" \/>\n<meta property=\"og:title\" content=\"Unser Team - Dini Physio\" \/>\n<meta property=\"og:description\" content=\"Dini Pyhsio TeamUnser Ziel ist es Ihnen eine ganzheitliche und ursachenorierntierte Therapie anzubieten. In der Therapie ist uns eine empahtische und vertrauensvolle Beziehung zu unseren Patienten wichtig. Die Therapie orientiert sich einerseits nach Ihren W\u00fcschen und Zielen. Andererseits nach dem gemeinsamen Befund f\u00fcr welchen beim Ersttermin ausreichend Zeit zur Verf\u00fcgung steht. Sowohl passive (von uns ausgef\u00fchrte Massnahmen), als auch die aktive Therapie bilden die Basis f\u00fcr die Reduktion\/Genesung Ihrer Beschwerden. Durch unsere anhaltende Leidenschaft, Neugierde und Freude an unserem Beruf probiere wir stets neue Therapieans\u00e4tze aus und versuchen so unser Wissenshorizont stetig zu erweitern. Zudem besuchen wir regelm\u00e4ssig Fortbildungen, sodass wir neben dem Bewegungsapparat auch die inneren Organe erfolgreich behandeln k\u00f6nnen. Neben unserem physiotherapeutischen Wissen ist es uns ein Anliegen Ihnen zu helfen sich selbst zu helfen nach dem Motto &quot;Mut zur Selbsthilfe&quot; oder &quot;Hilfe zur Selbsthilfe&quot;. Wir freuen uns auf Sie.\" \/>\n<meta property=\"og:url\" content=\"https:\/\/dini-physio.ch\/?page_id=4508\" \/>\n<meta property=\"og:site_name\" content=\"Dini Physio\" \/>\n<meta property=\"article:modified_time\" content=\"2026-03-04T15:04:53+00:00\" \/>\n<meta name=\"twitter:card\" content=\"summary_large_image\" \/>\n<meta name=\"twitter:label1\" content=\"Gesch\u00e4tzte Lesezeit\" \/>\n\t<meta name=\"twitter:data1\" content=\"4\u00a0Minuten\" \/>\n<script type=\"application\/ld+json\" class=\"yoast-schema-graph\">{\"@context\":\"https:\/\/schema.org\",\"@graph\":[{\"@type\":\"WebPage\",\"@id\":\"https:\/\/dini-physio.ch\/?page_id=4508\",\"url\":\"https:\/\/dini-physio.ch\/?page_id=4508\",\"name\":\"Unser Team - Dini Physio\",\"isPartOf\":{\"@id\":\"https:\/\/dini-physio.ch\/#website\"},\"datePublished\":\"2023-09-05T20:20:46+00:00\",\"dateModified\":\"2026-03-04T15:04:53+00:00\",\"breadcrumb\":{\"@id\":\"https:\/\/dini-physio.ch\/?page_id=4508#breadcrumb\"},\"inLanguage\":\"de\",\"potentialAction\":[{\"@type\":\"ReadAction\",\"target\":[\"https:\/\/dini-physio.ch\/?page_id=4508\"]}]},{\"@type\":\"BreadcrumbList\",\"@id\":\"https:\/\/dini-physio.ch\/?page_id=4508#breadcrumb\",\"itemListElement\":[{\"@type\":\"ListItem\",\"position\":1,\"name\":\"Startseite\",\"item\":\"https:\/\/dini-physio.ch\/\"},{\"@type\":\"ListItem\",\"position\":2,\"name\":\"Startseite\",\"item\":\"https:\/\/dini-physio.ch\/\"},{\"@type\":\"ListItem\",\"position\":3,\"name\":\"Unser Team\"}]},{\"@type\":\"WebSite\",\"@id\":\"https:\/\/dini-physio.ch\/#website\",\"url\":\"https:\/\/dini-physio.ch\/\",\"name\":\"Dini Physio\",\"description\":\"\",\"publisher\":{\"@id\":\"https:\/\/dini-physio.ch\/#organization\"},\"potentialAction\":[{\"@type\":\"SearchAction\",\"target\":{\"@type\":\"EntryPoint\",\"urlTemplate\":\"https:\/\/dini-physio.ch\/?s={search_term_string}\"},\"query-input\":{\"@type\":\"PropertyValueSpecification\",\"valueRequired\":true,\"valueName\":\"search_term_string\"}}],\"inLanguage\":\"de\"},{\"@type\":\"Organization\",\"@id\":\"https:\/\/dini-physio.ch\/#organization\",\"name\":\"Dini Physio GmbH\",\"url\":\"https:\/\/dini-physio.ch\/\",\"logo\":{\"@type\":\"ImageObject\",\"inLanguage\":\"de\",\"@id\":\"https:\/\/dini-physio.ch\/#\/schema\/logo\/image\/\",\"url\":\"https:\/\/dini-physio.ch\/wp-content\/uploads\/2023\/09\/diniphysioLogo.png\",\"contentUrl\":\"https:\/\/dini-physio.ch\/wp-content\/uploads\/2023\/09\/diniphysioLogo.png\",\"width\":1400,\"height\":817,\"caption\":\"Dini Physio GmbH\"},\"image\":{\"@id\":\"https:\/\/dini-physio.ch\/#\/schema\/logo\/image\/\"}}]}<\/script>\n<!-- \/ Yoast SEO plugin. -->","yoast_head_json":{"title":"Unser Team - Dini Physio","robots":{"index":"index","follow":"follow","max-snippet":"max-snippet:-1","max-image-preview":"max-image-preview:large","max-video-preview":"max-video-preview:-1"},"canonical":"https:\/\/dini-physio.ch\/?page_id=4508","og_locale":"de_DE","og_type":"article","og_title":"Unser Team - Dini Physio","og_description":"Dini Pyhsio TeamUnser Ziel ist es Ihnen eine ganzheitliche und ursachenorierntierte Therapie anzubieten. In der Therapie ist uns eine empahtische und vertrauensvolle Beziehung zu unseren Patienten wichtig. Die Therapie orientiert sich einerseits nach Ihren W\u00fcschen und Zielen. Andererseits nach dem gemeinsamen Befund f\u00fcr welchen beim Ersttermin ausreichend Zeit zur Verf\u00fcgung steht. Sowohl passive (von uns ausgef\u00fchrte Massnahmen), als auch die aktive Therapie bilden die Basis f\u00fcr die Reduktion\/Genesung Ihrer Beschwerden. Durch unsere anhaltende Leidenschaft, Neugierde und Freude an unserem Beruf probiere wir stets neue Therapieans\u00e4tze aus und versuchen so unser Wissenshorizont stetig zu erweitern. Zudem besuchen wir regelm\u00e4ssig Fortbildungen, sodass wir neben dem Bewegungsapparat auch die inneren Organe erfolgreich behandeln k\u00f6nnen. Neben unserem physiotherapeutischen Wissen ist es uns ein Anliegen Ihnen zu helfen sich selbst zu helfen nach dem Motto \"Mut zur Selbsthilfe\" oder \"Hilfe zur Selbsthilfe\". Wir freuen uns auf Sie.","og_url":"https:\/\/dini-physio.ch\/?page_id=4508","og_site_name":"Dini Physio","article_modified_time":"2026-03-04T15:04:53+00:00","twitter_card":"summary_large_image","twitter_misc":{"Gesch\u00e4tzte Lesezeit":"4\u00a0Minuten"},"schema":{"@context":"https:\/\/schema.org","@graph":[{"@type":"WebPage","@id":"https:\/\/dini-physio.ch\/?page_id=4508","url":"https:\/\/dini-physio.ch\/?page_id=4508","name":"Unser Team - Dini Physio","isPartOf":{"@id":"https:\/\/dini-physio.ch\/#website"},"datePublished":"2023-09-05T20:20:46+00:00","dateModified":"2026-03-04T15:04:53+00:00","breadcrumb":{"@id":"https:\/\/dini-physio.ch\/?page_id=4508#breadcrumb"},"inLanguage":"de","potentialAction":[{"@type":"ReadAction","target":["https:\/\/dini-physio.ch\/?page_id=4508"]}]},{"@type":"BreadcrumbList","@id":"https:\/\/dini-physio.ch\/?page_id=4508#breadcrumb","itemListElement":[{"@type":"ListItem","position":1,"name":"Startseite","item":"https:\/\/dini-physio.ch\/"},{"@type":"ListItem","position":2,"name":"Startseite","item":"https:\/\/dini-physio.ch\/"},{"@type":"ListItem","position":3,"name":"Unser Team"}]},{"@type":"WebSite","@id":"https:\/\/dini-physio.ch\/#website","url":"https:\/\/dini-physio.ch\/","name":"Dini Physio","description":"","publisher":{"@id":"https:\/\/dini-physio.ch\/#organization"},"potentialAction":[{"@type":"SearchAction","target":{"@type":"EntryPoint","urlTemplate":"https:\/\/dini-physio.ch\/?s={search_term_string}"},"query-input":{"@type":"PropertyValueSpecification","valueRequired":true,"valueName":"search_term_string"}}],"inLanguage":"de"},{"@type":"Organization","@id":"https:\/\/dini-physio.ch\/#organization","name":"Dini Physio GmbH","url":"https:\/\/dini-physio.ch\/","logo":{"@type":"ImageObject","inLanguage":"de","@id":"https:\/\/dini-physio.ch\/#\/schema\/logo\/image\/","url":"https:\/\/dini-physio.ch\/wp-content\/uploads\/2023\/09\/diniphysioLogo.png","contentUrl":"https:\/\/dini-physio.ch\/wp-content\/uploads\/2023\/09\/diniphysioLogo.png","width":1400,"height":817,"caption":"Dini Physio GmbH"},"image":{"@id":"https:\/\/dini-physio.ch\/#\/schema\/logo\/image\/"}}]}},"_links":{"self":[{"href":"https:\/\/dini-physio.ch\/index.php?rest_route=\/wp\/v2\/pages\/4508","targetHints":{"allow":["GET"]}}],"collection":[{"href":"https:\/\/dini-physio.ch\/index.php?rest_route=\/wp\/v2\/pages"}],"about":[{"href":"https:\/\/dini-physio.ch\/index.php?rest_route=\/wp\/v2\/types\/page"}],"author":[{"embeddable":true,"href":"https:\/\/dini-physio.ch\/index.php?rest_route=\/wp\/v2\/users\/1"}],"replies":[{"embeddable":true,"href":"https:\/\/dini-physio.ch\/index.php?rest_route=%2Fwp%2Fv2%2Fcomments&post=4508"}],"version-history":[{"count":13,"href":"https:\/\/dini-physio.ch\/index.php?rest_route=\/wp\/v2\/pages\/4508\/revisions"}],"predecessor-version":[{"id":253443,"href":"https:\/\/dini-physio.ch\/index.php?rest_route=\/wp\/v2\/pages\/4508\/revisions\/253443"}],"up":[{"embeddable":true,"href":"https:\/\/dini-physio.ch\/index.php?rest_route=\/wp\/v2\/pages\/4521"}],"wp:attachment":[{"href":"https:\/\/dini-physio.ch\/index.php?rest_route=%2Fwp%2Fv2%2Fmedia&parent=4508"}],"curies":[{"name":"wp","href":"https:\/\/api.w.org\/{rel}","templated":true}]}}